3 - ((7 - 13) + -3)) + -3.
9
What is the value of -8 + (5 - (5 + -12 - -7)) + 3?
0
What is -26 - (22 - 59) - (3 - 1)?
9
(2641 - 2656) + 6 + (-1 - 0)
-10
0 - -12 - (1 + -21 - -28)
4
3 - (4 - (2 - 7 - -5))
-1
What is 18 + (5 - 4) + -5 + -6?
8
7 + (-3 - 2 - -4 - (-4 - 0))
10
-24 + (-1 - (7 - (25 + -10)))
-17
What is the value of -18 - (-8 + -13 + 1)?
2
What is the value of 1 + -2 - 2 - 3 - (-224 + 223)?
-5
Calculate -2 + (-6 - -3) + (1 - -12) + -11.
-3
Calculate (4 - 2) + -1 + 7 - -4.
12
What is the value of (-6 + -1 - 2 - 1) + -5 + -4?
-19
Calculate 972 + -935 + (-33 - -1).
5
What is the value of -4 + -14 + 11 - (-31 - (0 + -3))?
21
Calculate 14 - 9 - ((0 - -4) + 6) - 1.
-6
What is the value of -14 - (5 + -7 + -9) - -8 - 24?
-19
Calculate 2 - (2 + -8 + 19 + -11).
0
What is the value of (5 - -17) + -143 + 128?
7
What is (-1 - 3) + 192 + -187 + 2 + -14?
-11
What is the value of (-1 - (-2 + 18) - (-75 + 70)) + 1?
-11
Calculate 36 + (-12 - -12) - (3 + 3 + -4).
34
What is (-15 - -13) + (-1 - (-10 - -8))?
-1
What is the value of -3 - (12 - 2) - -32 - -13?
32
What is the value of -4 + 19 + -14 + -26?
-25
Calculate -11 + 8 + (6 - (16 - 4)).
-9
What is the value of -4 + 1 + 4 + -3 + (-2 - -12)?
8
What is the value of (-2 - (-4 - -2)) + (-8 - -8)?
0
What is -5 + -1 - (7 + -21 + 12)?
-4
Calculate 3 + ((1 - -7) + -15 + -3 - -18).
11
Evaluate 454 - 459 - (2 - (-2 - -2 - -13)).
6
What is the value of -12 + 4 - (18 + -6 + (13 - 23))?
-10
What is -28 + -25 + 27 + 40?
14
What is the value of -8 + -1 - (20 - 5)?
-24
What is the value of 2 + 0 - (19 + -8 + 1)?
-10
Calculate (-16 - -9 - -2 - -3) + -14.
-16
What is 5 - -1 - (26 + -28)?
8
What is -3 - (35 - 16 - 65) - 17?
26
What is the value of -7 + (-7 + (6 - 0) + -2 - 2)?
-12
What is (3 - (-3 + (-3 - (13 + -7)))) + -9?
6
Calculate -11 - ((80 - 67) + (1 - 40)).
15
Calculate 42 + -43 + (0 - -2) + (11 - 4).
8
What is the value of 41 - ((-1 - 16) + 11 + 17)?
30
Calculate -4 - ((0 + 16 - 6) + -2).
-12
Calculate (-15 - -3) + 0 - (-155 + 143).
0
What is the value of (-2 + 5 - -1) + (-7 - (10 + -19))?
6
Calculate -9 + 1 + (-20 - -27) - -9.
8
What is the value of -35 + (-11 - (10 - (6 + 5))) + 20?
-25
What is the value of 10 - 17 - (-2 - 7)?
2
What is -6 + 6 + (5 - (1 - -3))?
1
What is -36 + 18 + -8 + 28?
2
Calculate (1 - (-1 + 4)) + (1 - 1) + -8.
-10
Evaluate 30 + -19 + (-19 + 11 + 0 - -16).
19
0 + 0 + -1 + (-26 - (-10 - 11))
-6
What is (-7 - -24) + (1 + -9 - -2) - 6?
5
What is (4 - 16 - -4) + (6 + -7 - -11)?
2
What is the value of 18 + (11 - 37) - (-1 + -1)?
-6
What is (-1 - 1) + 1 + 52 + -31?
20
What is the value of (-68 - -61) + 13 + -22?
-16
Evaluate -11 + (7 - (-41 - -22)).
15
6 - (7 + -2 + 5 - 5)
1
What is the value of -97 - -93 - (-1 - -6)?
-9
Evaluate -5 - (-33 + (-8 - 1 - (-189 - -179))).
27
Calculate -3 - (30 + -29) - (9 + 0).
-13
Evaluate 35 + -34 + 51 + -34.
18
Calculate 2 + 11 + 3 + -8 + -3 + -8.
-3
What is (-15 - (-1 - 6 - -5) - -7) + -6?
-12
What is the value of 32 + 4 + -22 - 8?
6
What is 0 + -2 - (-21 + (11 - 17))?
25
42 - (1 - -1 - (0 - 8)) - -5
37
17 + (1 - 15) - (-8 + (-2 - -2))
11
-7 - ((48 - 67) + 12 + 0)
0
Calculate 14 - (-7 + (13 - 2)).
10
Evaluate (-16 + 1 - -13) + 14.
12
What is (-2 - 6) + 202 + -190?
4
Calculate (-9 - (3 - 8)) + 1 + (0 - -6).
3
What is the value of -6 - (4 - (4 - 2 - -5))?
-3
What is the value of -27 - -23 - ((-2 - -3 - -8) + -3)?
-10
329 - 337 - (-14 + (2 - 4))
8
What is the value of -5 + (-1 - (-2 - (10 + -6 + 1)))?
1
What is -8 + (1 - (-9 + 8)) + 4?
-2
What is 0 + -1 + (1 + -1 - (13 + -8))?
-6
Calculate -2 - (4 - (-6 + 4 + 8)) - 4.
-4
What is -38 + -1 - (-19 + -4)?
-16
What is the value of -9 + -12 + 16 + 3?
-2
What is the value of (3 + -10 + -3 - -5) + -7 + 6?
-6
What is the value of -11 + 15 + -7 - (6 - (-1 + 1))?
-9
Calculate (-1 + -2 - (-273 - -283)) + 13 + -2.
-2
What is -5 - 2 - (-6 - -1 - 25 - 0)?
23
-3 + 9 - -3 - (7 + -15)
17
What is (8 - (-7 - -16)) + 8 - -2?
9
2 - -34 - (920 - 883)
-1
What is the value of -23 + 24 + 4 + -2?
3
What is the value of 9 - ((-13 + 21 - 14) + (53 - 2))?
-36
Evaluate (-111 - -109) + (0 - (0 + 0)) - 18.
-20
Evaluate 4 + 2 + -2 + (28 - 29).
3
What is 4 + 0 + -20 - (5 + -12)?
-9
What is -1 + 7 + (-2 - -2) + (-9 - 2)?
-5
Evaluate (19 - (-2 - -16)) + -11.
-6
What is -1 - (-5 - ((-18 - -10) + -21) - -8)?
-33
What is 17 - 5 - 31 - -10?
-9
What is (-7 + -7 - -23) + -13?
-4
-24 - -7 - 8 - (2 + -15)
-12
Evaluate 15 + 22 + -14 + -40.
-17
What is -5 + -5 + -17 + 15?
-12
Calculate -12 + 9 - -3 - (-2 + 10) - 2.
-10
Evaluate (-22 - (-50 + 11)) + -15.
2
What is the value of 24 + (16 - 45 - -15)?
10
(-14 - 1) + (-14 - -9 - 2)
-22
Calculate (65 - 73) + -1 + 18 + -1.
8
What is the value of -39 + (28 - 27) + 7?
-31
What is 2 + -13 + (-103 - -105)?
-9
Calculate 3 + (1 - (14 - 8)) - -1.
-1
Evaluate (-6 + 13 + -3 - 5) + 1.
0
What is 52 + -87 - ((1 - 0) + (-10 - -4))?
-30
Evaluate (3 - 12) + (2 + -4 - -2) + 9.
0
Evaluate 3 + 2 + 0 + -1 - 2.
2
Evaluate 6 - ((8 - 3) + 3) - (-3 + -9).
10
What is -11 - 17 - -22 - 23?
-29
Calculate 2568 + -2560 - (39 - 0).
-31
What is the value of (-59 + 63 + (-4 - -1) - 5) + -19?
-23
Evaluate 29 + -40 + (4 - -6 - -2) - -9.
10
Calculate -5 - -2 - (-16 - -13).
0
7 - -35 - 70 - -29
1
What is -4 - (4 + -2) - -21 - (-10 - -7)?
18
What is -18 + 34 + 1 + -13?
4
What is the value of (-59 - -22) + 55 - 10?
8
-16 + 47 + -19 - (-2 - -32)
-18
Calculate -28 + (8 - (8 + -3)) + 9.
-16
What is the value of -10 + 6 - (-8 - -1)?
3
Calculate 21 + -21 + 46 + -23.
23
12 + (-1 - -5) + -13 + 8
11
What is 22 + -10 - (20 - 9)?
1
Calculate -1 - 6 - (-1 + -18 + 7 - -1).
4
Calculate 10 - (24 - (6 - -26)).
18
Evaluate 3 + -2 + 14 + -5 - -12.
22
What is the value of (22 - 2) + (-148 - -140) - 22?
-10
32 + -45 + -16 + 1 + 2
-26
What is (1 + -8 - -1) + 15?
9
What is (0 - (0 + 4)) + (-11 - -8)?
-7
What is the value of -2 + 3 + (-1 - 15) + 8?
-7
What is 0 - -3 - (58 + -44)?
-11
What is the value of 30 + (-3 - (-10 + 9 + (-2 - -3)))?
27
-10 - -14 - 24 - -7
-13
(1 - 3 - 9) + -74 + 66
-19
What is (-5 - -4 - -5) + 17 + -4 + -39?
-22
What is the value of -2 + (-12 - (-5 + -5)) + -22?
-26
What is -6 - (-7 - -7 - (0 + 5 - 0))?
-1
0 + (1 - (6 - 13)) + 2 + -6
4
What is the value of (0 - -1) + 5 + 29 + (41 - 72)?
4
Evaluate -20 + (19 - (-12 - -23)) - (0 - -5).
-17
Evaluate 11 - (1 - (3 + -8) - -11).
-6
Evaluate (-4 - 4) + -1 + (-24 - -25) + 2.
-6
Evaluate 5 - (-4 - -6 - -24 - (-9 - -10)).
-20
Evaluate (-9 - -3 - -4) + -2.
-4
12 - ((5 - 2) + (6 - 3)) - 15
-9
Evaluate (-11 - -5) + 3 + -6.
-9
Evaluate -7 + -3 - 0 - (-80 - (-38 - 9)).
23
What is the value of (-4 - -8) + (-8 - -14)?
10
Evaluate -12 + -3 + 2 + 21.
8
What is the value of -2 - -24 - 17 - 18?
-13
-17 - (-60 + 27 + -17 + 4)
29
Evaluate -7 - (18 + -13 - 0) - (-20 - -2).
6
-2 + 16 + 20 + -6 + -39
-11
What is 3 - 40 - -32 - 22?
-27
What is (-6 - ((-6 - -9) + -1)) + 6 - -4?
2
Calculate -7 - ((-9 - -8 - 8) + 13).
-11
Evaluate -8 + (-2 - -4) + -8 + 7.
-7
What is the value of (-5 - -2) + 12 + 3 + -16?
-4
Calculate (-11 - (-20 - 36) - 13) + (-1 - 8).
23
Calculate 10 + -36 + 27 + (-22 - -1).
-20
4 + 0 + (-37 - (9 + -4 + 0))
-38
(-32 - -6) + 12 + (-1 - 0)
-15
Evaluate (-34 - -2) + (-4 - -4).
-32
What is 14 - (12 - (4 + (-8 - -12)))?
10
(-12 - -2) + -357 + 347
-20
What is (-65 - (-48 + -16)) + (-11 - 0)?
-12
0 - (8 - (-7 - -18)) - (1 - 1)
3
Calculate -41 - (11 + (-117 - -40)).
25
Evaluate -2 - 30 - (18 - (8 - -18)).
-24
Calculate 27 - (4 - (-32 - -18)).
9
Evaluate (24 - 21) + (1 + 5 - 4 - 23).
-18
What is (-46 + 19 - (7 - 12)) + 17?
-5
6 + (-1 - (12 + (-6 - -3 - 4)))
0
What is -2 + (-1 - 2) + (15 - 13) + 19?
16
Evaluate 17 + -16 + 17 + -12 + 2 + 2.
10
5 - (3 - (-8 + 5 - 4))
-5
-1 + (-4 - (12 - 8)) + -8 - 2
-19
Calculate 0 - 6 - (-19 + -1).
14
What is (-13 + (17 - 7) - (1 - -1)) + 7?
2
What is the value of 0 + (-10 - (-3 + 1 - (70 - 78)))?
-16
What is the value of 6 + (22 - 24) + -4?
0
(17 - 7) + 6 + (-13 - (4 - 5))
4
-3 - -16 - (42 + 1 + -9)
-21
Evaluate 5 - 4 - (-7 + -4).
12
Calculate 21 + -13 - -7 - 27.
-12
Calculate (54 + -37 - 29) + (1 - -19).
8
What is 7 + -8 - -7 - (-5 + 24)?
-13
Calculate -14 - (-5 - -3) - -6 - (-1 - 8).
3
Calculate (3 + -5 - 2) + (-18 + 12 - -18).
8
-2 + (-14 - -5) - (9 + -12) - 4
-12
What is the value